 8176740?
True
Is 142 a factor of 1395434?
True
Is 95060 a multiple of 245?
True
Is 26 a factor of 281086?
True
Is 156 a factor of 1530546?
False
Is 599 a factor of 1268083?
True
Does 4 divide 362640?
True
Is 1476442 a multiple of 121?
True
Is 92 a factor of 49210?
False
Is 79 a factor of 1051262?
False
Is 132294 a multiple of 3?
True
Does 17 divide 4728975?
True
Is 213227 a multiple of 23?
False
Is 127986 a multiple of 5?
False
Is 49 a factor of 54118?
False
Does 31 divide 607321?
True
Does 403 divide 1439830?
False
Does 21 divide 29783?
False
Does 8 divide 690136?
True
Does 209 divide 323532?
True
Is 39761 a multiple of 378?
False
Is 157696 a multiple of 88?
True
Is 3038139 a multiple of 79?
False
Is 51 a factor of 35722?
False
Does 195 divide 771568?
False
Is 36043 a multiple of 65?
False
Is 1616034 a multiple of 10?
False
Is 20895 a multiple of 7?
True
Is 30316 a multiple of 53?
True
Is 679187 a multiple of 11?
False
Does 14 divide 242968?
False
Does 81 divide 1034694?
True
Is 11 a factor of 373406?
True
Is 1287916 a multiple of 28?
True
Is 329400 a multiple of 27?
True
Is 37 a factor of 131210?
False
Does 579 divide 7047588?
True
Is 233025 a multiple of 717?
True
Is 131 a factor of 145672?
True
Is 182 a factor of 128310?
True
Is 24 a factor of 106372?
False
Does 6 divide 262176?
True
Is 82 a factor of 18799238?
True
Is 58 a factor of 317028?
True
Is 14 a factor of 3284148?
True
Is 672 a multiple of 28?
True
Does 182 divide 2300349?
False
Does 33 divide 104806?
False
Is 72 a factor of 6840?
True
Is 89 a factor of 100781?
False
Does 364 divide 13795236?
True
Does 355 divide 678184?
False
Is 18 a factor of 1378228?
False
Does 209 divide 225957?
False
Does 9 divide 3920766?
False
Is 22 a factor of 243232?
True
Does 6 divide 246996?
True
Is 74 a factor of 1046109?
False
Does 46 divide 4647012?
True
Is 40 a factor of 2687996?
False
Is 36 a factor of 139663?
False
Is 2037669 a multiple of 871?
False
Does 132 divide 1064018?
False
Is 46870 a multiple of 43?
True
Is 25148134 a multiple of 515?
False
Is 202170 a multiple of 6?
True
Is 2036351 a multiple of 166?
False
Is 30760620 a multiple of 69?
False
Does 226 divide 1166160?
True
Is 74 a factor of 43676?
False
Does 100 divide 149900?
True
Is 34 a factor of 594830?
True
Does 58 divide 506456?
True
Is 29 a factor of 15573?
True
Does 56 divide 3302924?
False
Is 269774 a multiple of 253?
False
Is 10 a factor of 7520?
True
Does 90 divide 457470?
True
Is 375150 a multiple of 82?
True
Is 108 a factor of 1419552?
True
Does 21 divide 871429?
False
Is 414912 a multiple of 96?
True
Is 677791 a multiple of 16?
False
Is 28 a factor of 307110?
False
Is 125300 a multiple of 14?
True
Is 623 a factor of 7371120?
False
Is 13302 a multiple of 3?
True
Is 427390 a multiple of 31?
False
Is 1566 a factor of 3176290?
False
Is 45 a factor of 385155?
True
Is 296709 a multiple of 19?
False
Does 12 divide 6610860?
True
Is 4 a factor of 36476?
True
Is 6470255 a multiple of 11?
True
Is 53 a factor of 6105547?
True
Does 41 divide 3402221?
True
Does 113 divide 924001?
True
Does 12 divide 1750856?
False
Does 23 divide 2562085?
True
Is 511378 a multiple of 554?
False
Is 64 a factor of 78400?
True
Does 12 divide 16107168?
True
Is 643734 a multiple of 18?
True
Is 1001 a factor of 16158142?
True
Does 307 divide 100082?
True
Is 29565162 a multiple of 18?
True
Is 19 a factor of 94848?
True
Is 60 a factor of 32280?
True
Is 3067212 a multiple of 3?
True
Does 84 divide 739135?
False
Is 7086714 a multiple of 75?
False
Is 1883328 a multiple of 408?
True
Is 38856 a multiple of 12?
True
Is 4 a factor of 9741234?
False
Is 49 a factor of 227752?
True
Is 17 a factor of 672163?
True
Does 82 divide 3405378?
True
Is 4564305 a multiple of 796?
False
Is 18 a factor of 6544800?
True
Is 5 a factor of 53336?
False
Does 83 divide 3178485?
True
Is 656 a factor of 915776?
True
Is 153296 even?
True
Is 134 a factor of 144720?
True
Does 177 divide 441969?
True
Is 95 a factor of 341715?
True
Is 139 a factor of 61021?
True
Is 64 a factor of 627072?
True
Does 251 divide 19537204?
False
Is 192 a factor of 340674?
False
Is 14308 a multiple of 14?
True
Is 4158492 a multiple of 598?
True
Is 32 a factor of 61536?
True
Is 30 a factor of 30030?
True
Is 118 a factor of 57112?
True
Is 99 a factor of 8723100?
False
Is 88 a factor of 258280?
True
Does 13 divide 13338?
True
Is 593 a factor of 33208?
True
Does 443 divide 895303?
True
Is 2989233 a multiple of 1131?
True
Does 104 divide 102328?
False
Is 267046 a multiple of 32?
False
Does 23 divide 925796?
True
Is 33550 a multiple of 35?
False
Is 81 a factor of 3896586?
True
Is 13 a factor of 4112342?
True
Does 8 divide 649624?
True
Is 37 a factor of 323972?
True
Does 679 divide 7335?
False
Does 160 divide 511284?
False
Is 330 a factor of 80052?
False
Is 47481 a multiple of 7?
True
Is 6 a factor of 1426627?
False
Is 550 a factor of 503800?
True
Is 3718229 a multiple of 55?
False
Is 7 a factor of 440580?
True
Is 25 a factor of 2082539?
False
Is 1322889 a multiple of 1116?
False
Is 4 a factor of 14416?
True
Is 62218 a multiple of 97?
False
Is 190 a factor of 177733?
False
Is 19 a factor of 58092?
False
Is 7933788 a multiple of 1134?
False
Is 1290448 a multiple of 944?
True
Does 189 divide 393244?
False
Is 74633 a multiple of 286?
False
Is 23 a factor of 114567?
False
Is 37 a factor of 124579?
True
Does 86 divide 4937519?
False
Is 857200 a multiple of 5?
True
Is 2455024 a multiple of 286?
True
Is 2575624 a multiple of 11?
False
Is 1363689 a multiple of 5?
False
Is 720955 a multiple of 11?
False
Is 15452 a multiple of 51?
False
Does 24 divide 63517?
False
Does 170 divide 245201?
False
Is 2615801 a multiple of 140?
False
Is 699 a factor of 2837658?
False
Is 15 a factor of 1686720?
True
Is 59 a factor of 15340?
True
Is 73 a factor of 539908?
True
Does 16 divide 75717?
False
Is 28 a factor of 951053?
False
Is 774934 a multiple of 1561?
False
Does 136 divide 160480?
True
Is 4 a factor of 302363?
False
Is 2250964 a multiple of 4?
True
Is 2843741 a multiple of 2?
False
Does 26 divide 99736?
True
Is 1160379 a multiple of 9?
True
Does 356 divide 259302?
False
Does 213 divide 7881?
True
Does 71 divide 387867?
False
Is 844582 a multiple of 73?
False
Is 33276 a multiple of 94?
True
Is 15 a factor of 449850?
True
Does 45 divide 11882389?
False
Does 26 divide 179686?
True
Is 1135 a factor of 4088270?
True
Is 10 a factor of 1531751?
False
Is 17 a factor of 428637?
False
Does 103 divide 126587?
True
Does 206 divide 36050?
True
Is 175 a factor of 3093809?
False
Is 18078452 a multiple of 93?
False
Is 193 a factor of 2153981?
False
Does 753 divide 823782?
True
Does 173 divide 31929?
False
Is 169 a factor of 212787?
False
Does 24 divide 677117?
False
Does 71 divide 4931376?
True
Is 408798 a multiple of 180?
False
Does 1149 divide 4922032?
False
Does 177 divide 223374?
True
Is 2 a factor of 339321?
False
Does 136 divide 3812683?
False
Is 1116186 a multiple of 1054?
True
Is 99003 a multiple of 70?
False
Is 3 a factor of 99492?
True
Is 1502198 a multiple of 55?
False
Is 248 a factor of 87875?
False
Does 50 divide 1575500?
True
Is 56 a factor of 1459472?
True
Is 46478 a multiple of 34?
True
Does 862 divide 399106?
True
Is 3214002 a multiple of 121?
True
Does 435 divide 201840?
True
Is 28 a factor of 169734?
False
Is 301172 a multiple of 68?
True
Does 8 divide 18879?
False
Does 3 divide 2096647?
False
Is 14300520 a multiple of 195?
True
Is 20 a factor of 204822?
False
Is 18 a factor of 37610?
False
Does 55 divide 13055?
False
Is 1746056 a multiple of 163?
True
Is 26124 a multiple of 9?
False
Is 314462 a multiple of 41?
False
Is 41040 a multiple of 5?
True
Is 93 a factor of 85095?
True
Does 11 divide 594196?
False
Does 130 divide 948128?
False
Is 19876 a multiple of 54?
False
Is 306 a factor of 2508258?
False
Is 327 a factor of 15369?
True
Is 32501 a multiple of 96?
False
Does 23 divide 1155140?
False
Is 67 a factor of 37922?
True
Does 182 divide 922376?
True
Is 165 a factor of 130845?
True
Is 10 a factor of 179078?
False
Is 355297 a multiple of 52?
False
Does 79 divide 37708?
False
Is 11000668 a multiple of 14?
True
Does 10 divide 172880?
True
Is 118274 even?
True
Is 32 a factor of 603520?
True
Does 915 divide 3868620?
True
Is 72 a factor of 176283